, 331
What are the prime factors of 462?
2, 3, 7, 11
What are the prime factors of 584?
2, 73
List the prime factors of 76490.
2, 5, 7649
What are the prime factors of 12261?
3, 61, 67
What are the prime factors of 21573?
3, 17, 47
What are the prime factors of 4221?
3, 7, 67
What are the prime factors of 4151?
7, 593
List the prime factors of 4693.
13, 19
What are the prime factors of 7841?
7841
List the prime factors of 10444.
2, 7, 373
What are the prime factors of 94055?
5, 13, 1447
What are the prime factors of 20378?
2, 23, 443
What are the prime factors of 1828?
2, 457
List the prime factors of 2307.
3, 769
What are the prime factors of 1408?
2, 11
What are the prime factors of 20378?
2, 23, 443
What are the prime factors of 86736?
2, 3, 13, 139
List the prime factors of 26077.
89, 293
List the prime factors of 2437.
2437
List the prime factors of 13808.
2, 863
What are the prime factors of 10002?
2, 3, 1667
What are the prime factors of 17648?
2, 1103
What are the prime factors of 24333?
3, 8111
What are the prime factors of 114770?
2, 5, 23, 499
What are the prime factors of 115143?
3, 7, 5483
What are the prime factors of 6671?
7, 953
What are the prime factors of 210?
2, 3, 5, 7
List the prime factors of 1404.
2, 3, 13
List the prime factors of 13434.
2, 3, 2239
What are the prime factors of 3451?
7, 17, 29
List the prime factors of 8487.
3, 23, 41
What are the prime factors of 27865?
5, 5573
List the prime factors of 60569.
37, 1637
What are the prime factors of 1220?
2, 5, 61
What are the prime factors of 7833?
3, 7, 373
List the prime factors of 1759.
1759
What are the prime factors of 49036?
2, 13, 23, 41
List the prime factors of 1457.
31, 47
What are the prime factors of 668?
2, 167
What are the prime factors of 3847?
3847
What are the prime factors of 56834?
2, 157, 181
What are the prime factors of 85560?
2, 3, 5, 23, 31
List the prime factors of 57391.
29, 1979
List the prime factors of 7020.
2, 3, 5, 13
List the prime factors of 17053.
17053
List the prime factors of 44585.
5, 37, 241
What are the prime factors of 494?
2, 13, 19
What are the prime factors of 15329?
15329
What are the prime factors of 4782?
2, 3, 797
List the prime factors of 46502.
2, 23251
What are the prime factors of 7358?
2, 13, 283
What are the prime factors of 13626?
2, 3, 757
List the prime factors of 2068.
2, 11, 47
List the prime factors of 32345.
5, 6469
List the prime factors of 3608.
2, 11, 41
List the prime factors of 65965.
5, 79, 167
What are the prime factors of 71026?
2, 17, 2089
What are the prime factors of 532?
2, 7, 19
What are the prime factors of 5576?
2, 17, 41
List the prime factors of 9049.
9049
What are the prime factors of 28112?
2, 7, 251
What are the prime factors of 22353?
3, 7451
List the prime factors of 3176.
2, 397
List the prime factors of 4284.
2, 3, 7, 17
List the prime factors of 2718.
2, 3, 151
List the prime factors of 6667.
59, 113
What are the prime factors of 35860?
2, 5, 11, 163
What are the prime factors of 1216?
2, 19
What are the prime factors of 3610?
2, 5, 19
What are the prime factors of 8233?
8233
List the prime factors of 15520.
2, 5, 97
What are the prime factors of 17540?
2, 5, 877
List the prime factors of 298.
2, 149
What are the prime factors of 6248?
2, 11, 71
List the prime factors of 20396.
2, 5099
List the prime factors of 1055.
5, 211
List the prime factors of 1152.
2, 3
What are the prime factors of 22850?
2, 5, 457
What are the prime factors of 792?
2, 3, 11
What are the prime factors of 926?
2, 463
List the prime factors of 2043.
3, 227
List the prime factors of 684.
2, 3, 19
What are the prime factors of 293?
293
What are the prime factors of 28217?
7, 29, 139
List the prime factors of 356.
2, 89
List the prime factors of 3322.
2, 11, 151
What are the prime factors of 14300?
2, 5, 11, 13
List the prime factors of 12221.
11, 101
List the prime factors of 429.
3, 11, 13
What are the prime factors of 94724?
2, 7, 17, 199
What are the prime factors of 190974?
2, 3, 7, 4547
List the prime factors of 7736.
2, 967
What are the prime factors of 11?
11
What are the prime factors of 2111?
2111
List the prime factors of 96.
2, 3
List the prime factors of 18149.
18149
List the prime factors of 48954.
2, 3, 41, 199
What are the prime factors of 68779?
109, 631
What are the prime factors of 26092?
2, 11, 593
What are the prime factors of 34744?
2, 43, 101
What are the prime factors of 75858?
2, 3, 47, 269
List the prime factors of 55933.
55933
List the prime factors of 19139.
19139
List the prime factors of 79.
79
List the prime factors of 15366.
2, 3, 13, 197
What are the prime factors of 280?
2, 5, 7
List the prime factors of 2729.
2729
List the prime factors of 845.
5, 13
List the prime factors of 1941.
3, 647
What are the prime factors of 6720?
2, 3, 5, 7
What are the prime factors of 32?
2
List the prime factors of 24234.
2, 3, 7, 577
What are the prime factors of 1076?
2, 269
What are the prime factors of 851?
23, 37
What are the prime factors of 2070?
2, 3, 5, 23
What are the prime factors of 7820?
2, 5, 17, 23
What are the prime factors of 78640?
2, 5, 983
What are the prime factors of 70162?
2, 35081
What are the prime factors of 29816?
2, 3727
List the prime factors of 114850.
2, 5, 2297
List the prime factors of 25807.
131, 197
List the prime factors of 2523.
3, 29
List the prime factors of 2933.
7, 419
What are the prime factors of 15846?
2, 3, 19, 139
List the prime factors of 20533.
20533
List the prime factors of 1460.
2, 5, 73
What are the prime factors of 1445?
5, 17
List the prime factors of 115.
5, 23
What are the prime factors of 7057?
7057
List the prime factors of 3283.
7, 67
List the prime factors of 28212.
2, 3, 2351
List the prime factors of 56657.
53, 1069
What are the prime factors of 10348?
2, 13, 199
List the prime factors of 8006.
2, 4003
What are the prime factors of 24865?
5, 4973
List the prime factors of 4590.
2, 3, 5, 17
List the prime factors of 3989.
3989
List the prime factors of 7141.
37, 193
What are the prime factors of 3631?
3631
What are the prime factors of 127777?
13, 9829
What are the prime factors of 1269?
3, 47
What are the prime factors of 1814?
2, 907
List the prime factors of 11957.
11, 1087
What are the prime factors of 532?
2, 7, 19
List the prime factors of 603.
3, 67
List the prime factors of 7507.
7507
What are the prime factors of 19512?
2, 3, 271
What are the prime factors of 11836?
2, 11, 269
List the prime factors of 20072.
2, 13, 193
What are the prime factors of 10444?
2, 7, 373
List the prime factors of 839.
839
What are the prime factors of 15923?
15923
List the prime factors of 19182.
2, 3, 23, 139
What are the prime factors of 3534?
2, 3, 19, 31
What are the prime factors of 55859?
83, 673
List the prime factors of 2720.
2, 5, 17
What are the prime factors of 24019?
24019
List the prime factors of 15791.
15791
What are the prime factors of 23394?
2, 3, 7, 557
What are the prime factors of 2479?
37, 67
List the prime factors of 23347.
37, 631
List the prime factors of 902.
2, 11, 41
What are the prime factors of 42265?
5, 79, 107
What are the prime factors of 12758?
2, 6379
List the prime factors of 527.
17, 31
List the prime factors of 2594.
2, 1297
List the prime factors of 29528.
2, 3691
List the prime factors of 59557.
59557
What are the prime factors of 1254?
2, 3, 11, 19
What are the prime factors of 2398?
2, 11, 109
What are the prime factors of 2815?
5, 563
List the prime factors of 599.
599
List the prime factors of 246.
2, 3, 41
List the prime factors of 3967.
3967
What are the prime factors of 119129?
119129
What are the prime factors of 31079?
31079
What are the prime factors of 9989?
7, 1427
List the prime factors of 40872.
2, 3, 13, 131
List the prime factors of 164809.
164809
What are the prime factors of 713?
23, 31
What are the prime factors of 109951?
43, 2557
What are the prime factors of 5387?
5387
What are the prime factors of 132415?
5, 71, 373
What are the prime factors of 736?
2, 23
List the prime factors of 1311.
3, 19, 23
List the prime factors of 861.
3, 7, 41
What are the prime factors of 49972?
2, 13, 31
List the prime factors of 1588.
2, 397
List the prime factors of 38483.
29, 1327
What are the prime fact